- z + 64. Let y be v(0). Suppose 3*t + 2 = t, 0 = 5*n + t - y. What is the greatest common divisor of 91 and n?
13
Let f = 66 - 56. What is the greatest common divisor of 130 and f?
10
Suppose 5*c = -2*d + 24, 3*d - 2*c = 3*c - 14. Let i(x) = 9*x + 6. Let u be i(d). Calculate the greatest common divisor of 60 and u.
12
Suppose m + 32 = -3*m. Let y = 1 - m. What is the highest common divisor of y and 9?
9
Let k be -24*1*125/(-15). Calculate the highest common divisor of k and 25.
25
Suppose -4*m + 0*h = -4*h - 2964, -4*h = 2*m - 1452. Suppose -5*j = -m + 246. What is the highest common divisor of 14 and j?
14
Let l(n) = n**2 + 3. Let m be l(4). Let y = -296 - -315. What is the highest common divisor of m and y?
19
Let w(p) = -p**2 + 11*p - 12. Let f = 31 - 22. Let h be w(f). Calculate the highest common divisor of h and 3.
3
Let y(h) = h**2 + 7*h + 5. Let g be y(-6). Let q = 7 + g. Let x be (-4)/(-10)*(2 + 3). What is the greatest common divisor of x and q?
2
Let v(s) = 5*s**2 + 25. Suppose u - 11 = -36. Let j(c) = 1. Let x(b) = u*j(b) + v(b). Let l be x(1). What is the greatest common factor of l and 1?
1
Suppose -15 - 25 = -4*g. Let d(n) = -n**3 + 9*n**2 + 9*n - 11. Let b be d(9). What is the greatest common divisor of b and g?
10
Suppose 3 - 1 = w. Suppose -2*s - 2 = -x, -4*x + x + 4*s = -14. What is the greatest common divisor of x and w?
2
Let g be (-1 - -4)*2/3. Suppose -4*z = 2*r - 34, z - g*r + 2 = 3. What is the greatest common divisor of 7 and z?
7
Suppose 4*l - 84 = v, -2*v - 9 = 5*l - 101. What is the greatest common divisor of l and 60?
20
Suppose -6 = -u - 0. Let k(r) = 0 + 0 - r**2 + 9*r**2 - r. Let v be k(-1). Calculate the greatest common divisor of u and v.
3
Let g(j) = 30*j + 33. Let b be g(7). What is the greatest common factor of b and 27?
27
Suppose -4*z + 175 = z. Suppose 2*s = -2*s - v + 33, -2*s + 4*v = 6. Calculate the highest common factor of s and z.
7
Let x = -7 + 15. Suppose 4*p = 8 + x. Suppose u = -0*u + 2. Calculate the greatest common factor of u and p.
2
Let s(h) = -3*h + 1. Let a be s(5). Let p be (-4)/(-14) - 1564/a. Suppose 3*f + 2*f = 80. Calculate the greatest common divisor of f and p.
16
Suppose -4*n + 4*v = -68, 2*n - v - 20 = 15. What is the greatest common factor of n and 162?
18
Suppose 1471 = 5*f + 111. What is the highest common divisor of f and 17?
17
Let n = -123 - -175. Calculate the highest common factor of 13 and n.
13
Let s(v) = v + 15. Let q be s(18). Let y = 1 - 0. Let i be 11*((1 - 1) + y). Calculate the highest common divisor of q and i.
11
Suppose 12 - 18 = -3*w. Calculate the highest common factor of w and 2.
2
Let n be ((-9)/(-2))/(2/4). What is the greatest common factor of n and 99?
9
Let d be (-4)/2 - (-1 + -1). Suppose 10 = -d*c + 5*c. Let p = c - -6. What is the highest common factor of p and 16?
8
Suppose -u + 5*c = -2*u + 2, 5*c = u - 2. Calculate the highest common divisor of 6 and u.
2
Suppose -j = 4*y + 11, 0 = 3*y + j + 2*j + 6. Let x be 4/y*(-2 - 7). What is the greatest common factor of 24 and x?
12
Let s be (33/3)/(2/26). Suppose 0 = -2*w + 2 + 24. What is the highest common divisor of w and s?
13
Let j(f) = 2*f**2 + 13*f - 8. Let d be j(-8). Calculate the greatest common factor of 48 and d.
16
Let q = 22 - 8. Calculate the highest common divisor of 14 and q.
14
Suppose 0 = 3*t + 10 - 52. Let o(f) = 3*f - 10. Let s be o(8). What is the highest common factor of s and t?
14
Suppose 2*b = -b + 9. Suppose -8 = -n + b. Let p = 257 - 136. What is the highest common divisor of n and p?
11
Let f(i) = 10*i**3 + i - 2. Let g(b) = -20*b**3 - 2*b + 3. Let p(r) = 5*f(r) + 3*g(r). Let h be p(-2). What is the greatest common factor of h and 54?
27
Suppose -2*i = -4*i + 4. Suppose i*l = 45 + 19. What is the greatest common factor of 8 and l?
8
Suppose -3*j - j = 4. Let m be (-4 - j)*(-6)/9. Suppose -10 = -m*f + 2. What is the greatest common factor of f and 42?
6
Let v be (9/6 - 2)*-24. What is the greatest common divisor of 18 and v?
6
Let v = 458 - 298. Calculate the greatest common divisor of v and 20.
20
Let v(x) = -2*x**2 + 19*x - 3. Let q be v(8). What is the highest common divisor of q and 7?
7
Suppose 4*f - 12 = 0, 4*k - 3*k = -4*f + 232. Calculate the highest common divisor of k and 22.
22
Suppose -4 = -2*p, -2*b + 4*p = -0*p. Let m = b + 5. Let n = m - 5. Calculate the greatest common divisor of 28 and n.
4
Let j = 5 - -7. Suppose 5*w + 100 = -4*o, 2*w = -o + 4*o - 40. Let f be 10/(-45) - w/9. What is the highest common factor of j and f?
2
Suppose 2*s - 56 - 76 = 0. Suppose 0*p - s = -3*p. Calculate the greatest common divisor of 2 and p.
2
Let b = -114 - -117. Calculate the highest common divisor of b and 9.
3
Suppose k = -2*k - 4*c + 64, -2*c = -2. Let m = 25 - k. Calculate the highest common divisor of m and 15.
5
Let t be ((-5)/((-25)/240))/((-2)/(-8)). What is the greatest common divisor of 8 and t?
8
Suppose 18*j = 14*j. Suppose 6*q + 28 - 136 = j. What is the highest common factor of q and 90?
18
Suppose -3*w = 2*k + w + 26, 0 = 4*k + 4*w + 36. Let g be ((-56)/k)/((-5)/(-25)). Calculate the highest common divisor of g and 8.
8
Suppose -3*s = 2*s - 105. Let n = s - 9. Let o(z) = -z**2 + 11*z + 6. Let p be o(5). Calculate the highest common divisor of p and n.
12
Suppose 2*j = 3*j - 27. Calculate the highest common factor of j and 27.
27
Let n = -21 - -1. Let x be (-328)/n - (-4)/(-10). Let d = -12 + 20. Calculate the highest common factor of d and x.
8
Let w = -18 + 44. Suppose 12*h = 11*h + 2. Suppose h*x = w + 22. Calculate the greatest common divisor of x and 96.
24
Suppose 4*p = -5 + 17. Suppose 3 + 18 = p*d. Calculate the highest common factor of 77 and d.
7
Suppose -2*r - 206 = -4*k, -k + 4*k + r - 167 = 0. What is the greatest common divisor of k and 12?
6
Suppose 10 = 2*p - 2*y, -y - 11 - 3 = -2*p. Let d = 24 - 20. Suppose -u = 4*q - 27, -d*q = 2*u - 8*q - 54. Calculate the greatest common divisor of u and p.
9
Let p(i) = -i**2 - 8*i + 2. Let x be p(-8). Suppose -3*q = -z + 2*q - 46, -x*q = z + 53. Let h = z - -96. Calculate the greatest common factor of h and 5.
5
Let s(a) = a**2 - a. Let k(i) = 2*i**2 + 5*i + 1. Let r(b) = k(b) + 3*s(b). Let w be r(-3). Calculate the greatest common factor of 8 and w.
8
Suppose 0*o = o - 38. What is the highest common divisor of 19 and o?
19
Suppose 0 = -4*w + 29 + 19. Calculate the highest common divisor of 20 and w.
4
Suppose -2*y - 522 = -4*a - 190, -5*a = 2*y + 341. Let w be (0 - y) + (-18)/(-6). What is the highest common factor of 19 and w?
19
Let k be 6/(-240)*5*-8. Let d = -16 + 23. Calculate the greatest common divisor of k and d.
1
Suppose -48 = -4*q + 8. Let l = -9 + q. Suppose -c + 9 = 2*n - l, -4*c + 44 = 5*n. What is the greatest common factor of 54 and c?
6
Suppose 0*n + 4*n - 95 = -3*k, -3*k = -n + 35. Suppose 208 = 4*w - 2*o - n, 4*w - 3*o = 231. Calculate the greatest common factor of w and 20.
20
Let w(o) = -28*o - 1. Let r be w(-2). Calculate the highest common factor of r and 22.
11
Suppose 80 = 3*m + 2*m. Let z = 6 - 4. What is the greatest common factor of z and m?
2
Suppose -a = -6*a + 260. Let p(d) = -9*d - 6*d**2 - 4 - 3 + 5*d**2. Let y be p(-5). Calculate the greatest common divisor of y and a.
13
Suppose 62 = 3*j - 2*j. Suppose j - 212 = -5*f. Let t(d) = -4*d - 5. Let x be t(-5). What is the greatest common factor of f and x?
15
Let x(p) = 2*p + 2. Let o be x(3). Let l = o + 4. Calculate the greatest common divisor of 84 and l.
12
Let z be -1 + 2 + 1 + 18. Calculate the highest common divisor of 4 and z.
4
Let g = 1 - -20. Let k(c) = c**2 + 12*c + 14. Let y be k(-11). Calculate the greatest common divisor of g and y.
3
Suppose 0 = 3*h - 6*h + 351. Let b be 2/(-5) + 67/5. Calculate the highest common factor of h and b.
13
Let w be 256/2 + (1 - 1). Suppose 0 = 4*q - 52 - w. Calculate the greatest common factor of q and 30.
15
Suppose 2*h - 624 = -6*h. Calculate the greatest common divisor of 26 and h.
26
Let n = 1 + 237. Calculate the highest common divisor of n and 34.
34
Let z = -272 - -142. Let b = z - -310. Calculate the greatest common divisor of b and 20.
20
Suppose 3*q + 2*u = 7*q + 30, 3*u - 40 = 5*q. Let g be -3 - 2/(2/q). Suppose -g*v + 40 = 3*v. What is the greatest common divisor of 4